or of 13273843 and 3443.
11
Calculate the greatest common divisor of 1058 and 39991342.
1058
What is the highest common divisor of 3036 and 67364?
44
Calculate the greatest common factor of 14528316 and 231.
33
Calculate the highest common factor of 9285 and 59595.
15
What is the greatest common divisor of 200370 and 1542?
6
Calculate the highest common factor of 8745 and 11051295.
795
Calculate the highest common factor of 3626 and 1106597184.
3626
What is the highest common divisor of 53 and 14267017?
53
What is the highest common factor of 94 and 83426128?
94
Calculate the highest common divisor of 14616 and 935402076.
7308
What is the greatest common factor of 426051678 and 1794?
1794
Calculate the highest common factor of 454143240 and 15.
15
Calculate the greatest common divisor of 27353 and 32731887.
1609
Calculate the highest common divisor of 4577261 and 52.
13
What is the greatest common divisor of 445470 and 43896?
186
Calculate the greatest common divisor of 1690440 and 465.
15
Calculate the greatest common factor of 43562 and 195914.
46
Calculate the greatest common factor of 167982 and 6582.
6
What is the highest common factor of 106711 and 1980748?
1199
What is the highest common factor of 37280 and 3435585?
1165
What is the greatest common factor of 57 and 2036805?
3
Calculate the greatest common factor of 2395 and 674255.
5
What is the highest common divisor of 39195 and 7020?
585
Calculate the greatest common divisor of 3417 and 562581.
51
What is the highest common factor of 177456 and 15623522?
7394
What is the highest common divisor of 5727 and 2091849?
249
What is the highest common factor of 78 and 28252562?
26
What is the greatest common factor of 44226 and 705250?
182
Calculate the highest common factor of 44 and 96507136.
44
What is the highest common factor of 5481 and 1401?
3
Calculate the highest common factor of 253007825 and 637.
49
Calculate the highest common divisor of 251057100 and 84.
84
What is the greatest common factor of 4493579 and 4002?
667
What is the greatest common factor of 33133335 and 5?
5
Calculate the greatest common divisor of 162550271 and 39.
13
What is the greatest common factor of 216722 and 383372?
22
Calculate the highest common divisor of 120972481 and 3898.
1949
What is the highest common divisor of 297351 and 87?
3
Calculate the highest common divisor of 53262 and 56250.
18
What is the highest common factor of 179673604 and 4664?
2332
Calculate the greatest common factor of 229248 and 486.
18
Calculate the greatest common divisor of 795 and 447316131.
159
What is the greatest common divisor of 197395 and 5537827?
3589
What is the greatest common divisor of 1608202 and 150289?
1097
Calculate the greatest common divisor of 7735860 and 3300.
660
Calculate the greatest common divisor of 1338 and 587259573.
669
What is the greatest common factor of 497 and 7317970?
71
What is the highest common divisor of 15358482 and 1290?
258
What is the greatest common factor of 880812 and 1794?
6
What is the highest common divisor of 410 and 70078922?
82
Calculate the greatest common divisor of 31855 and 1700735.
115
Calculate the highest common divisor of 13641981 and 342.
57
What is the greatest common divisor of 39472398 and 54?
18
What is the greatest common factor of 23082 and 6928447?
3847
Calculate the highest common factor of 3727636 and 308.
44
What is the highest common divisor of 66612 and 15316?
28
Calculate the greatest common divisor of 156 and 29076720.
12
What is the highest common factor of 1605703 and 76576?
2393
What is the greatest common divisor of 10384 and 1631674264?
5192
Calculate the greatest common divisor of 120046 and 70286.
622
Calculate the highest common divisor of 1385047 and 594715.
983
What is the greatest common divisor of 9400 and 11044060?
940
Calculate the highest common factor of 5609 and 1338023.
79
What is the highest common divisor of 496 and 9560524?
124
Calculate the greatest common divisor of 21592258 and 18608.
2326
Calculate the greatest common factor of 6048419 and 995917.
923
What is the greatest common factor of 55 and 6252890?
5
Calculate the greatest common divisor of 3359955 and 2829.
69
What is the greatest common factor of 30082591 and 22?
11
What is the greatest common divisor of 17487 and 77986191?
5829
Calculate the highest common factor of 470 and 226911770.
470
What is the greatest common factor of 6397713 and 2583?
63
What is the highest common factor of 3400278 and 6840?
114
Calculate the highest common factor of 183 and 17379.
3
What is the highest common factor of 3310 and 29530165?
1655
What is the greatest common divisor of 240977 and 10032?
209
Calculate the highest common divisor of 277252 and 196.
4
Calculate the highest common divisor of 96578 and 158326.
86
What is the highest common divisor of 17825 and 130125?
25
Calculate the highest common factor of 6585 and 7020927.
1317
Calculate the highest common divisor of 7586 and 58491853.
3793
Calculate the highest common factor of 799135 and 1081.
23
Calculate the greatest common factor of 3597906 and 5983.
193
Calculate the greatest common factor of 7008 and 34018.
146
Calculate the highest common divisor of 575783 and 107315.
169
What is the highest common factor of 20 and 782523010?
10
What is the greatest common factor of 33598356 and 29?
29
What is the highest common factor of 10271250 and 2024370?
7470
What is the greatest common factor of 76 and 16848383?
19
What is the highest common divisor of 27 and 2557104?
3
What is the highest common factor of 328 and 7175943?
41
What is the highest common divisor of 1955 and 1842205?
85
Calculate the highest common factor of 53536 and 3799712.
224
Calculate the highest common divisor of 34305 and 144735.
15
Calculate the greatest common factor of 212 and 22233871.
53
Calculate the greatest common factor of 12 and 1541466.
6
Calculate the greatest common divisor of 499054 and 69920.
874
Calculate the greatest common factor of 27964748 and 3626.
518
Calculate the greatest common factor of 816 and 1135158.
102
What is the greatest common factor of 240983 and 6987?
137
What is the greatest common factor of 36 and 5072046426?
18
What is the greatest common divisor of 979 and 493683?
89
Calculate the highest common factor of 4864 and 198096.
16
What is the greatest common divisor of 404386905 and 170?
85
What is the highest common factor of 13777894 and 3042?
338
What is the greatest common divisor of 24 and 1656232?
8
What is the greatest common factor of 5376 and 843808?
224
What is the greatest common divisor of 54954 and 860602?
86
What is the highest common divisor of 2410 and 430948970?
2410
What is the greatest common factor of 246497383 and 6644?
1661
What is the highest common divisor of 69945 and 6261?
3
What is the greatest common factor of 2112 and 28371904?
704
Calculate the greatest common factor of 1899 and 2571302970.
1899
What is the greatest common factor of 1685 and 48640?
5
Calculate the highest common divisor of 18788 and 5068.
28
Calculate the greatest common factor of 136206 and 3110742.
846
What is the greatest common divisor of 4450577 and 620?
31
What is the greatest common factor of 892135 and 44635?
565
Calculate the highest common divisor of 126702 and 19800.
18
What is the greatest common divisor of 42845 and 348090?
205
Calculate the greatest common factor of 47367 and 8607.
57
Calculate the greatest common divisor of 58950 and 113708.
262
What is the highest common divisor of 29162 and 4634?
14
What is the highest common factor of 489 and 27012?
3
What is the greatest common divisor of 169520 and 106976?
16
Calculate the greatest common divisor of 373759 and 107771.
2293
Calculate the greatest common divisor of 5184620 and 9860.
580
Calculate the highest common factor of 151656 and 534000.
2136
Calculate the greatest common factor of 1389790 and 19270.
470
What is the highest common factor of 2322 and 419789736?
2322
What is the highest common factor of 24 and 32059880?
8
Calculate the greatest common factor of 10270703 and 12121.
527
What is the highest common factor of 324 and 839626884?
324
Calculate the greatest common divisor of 9879442 and 1266.
422
What is the greatest common factor of 36 and 5199006?